{"id":79,"date":"2019-06-20T14:42:35","date_gmt":"2019-06-20T14:42:35","guid":{"rendered":"http:\/\/lippe-ol.de\/?page_id=79"},"modified":"2021-01-10T08:14:04","modified_gmt":"2021-01-10T08:14:04","slug":"landesmeisterschaft-sprint-ol","status":"publish","type":"page","link":"https:\/\/lippe-ol.de\/?page_id=79","title":{"rendered":"OL in der Schule"},"content":{"rendered":"\n<p>Nachdem wir die Realschule Augustdorf beim Orientierungslauf in der Schule mit Informationen und Hilfsmitteln unterst\u00fctzen konnten, wollen wir auch anderen Schulen mit vorhandenen Karten und Trainingsbeispielen helfen, in der Corona Zeit eine Sportstunde zu gestalten. <\/p>\n\n\n\n<p>Im Augenblick wird von uns eine App getestet, mit der man die Postenstandorte \u00fcber GPS-Koordinaten zu Hause festlegen kann und diese beim Ablaufen der Bahn mit einem Handy erkannt werden. Dadurch entf\u00e4llt der zeitliche Aufwand, Posten im Vorfeld zu markieren und nach dem Lauf wieder zu entfernen. Auch k\u00f6nnen diese Markierungen nicht weggenommen werden.<\/p>\n\n\n\n<p>F\u00fcr folgende Schulen sind aktuell OL Karten (Stadt oder Wald) vorhanden:  <\/p>\n\n\n\n<p> Detmold: Leopoldinum \/ Grabbe,  Schulzentrum West, Schule am Leistruper Wald (Diestelbruch), Kusselberg Grundschule (Pivitsheide)<\/p>\n\n\n\n<p> Bad Salzuflen: Schulzentrum Lohfeld<\/p>\n\n\n\n<p>Horn: Grundschule, Sekundarschule, Gymnasium, Schule am Teutoburger Wald <\/p>\n\n\n\n<p>Lage: Schulzentrum Werreanger, Grundschule Ehrentrup<\/p>\n\n\n\n<p>Bisher verf\u00fcgbare Karten sind unter folgenden Link zu finden. Die Aktualit\u00e4t und Genauigkeit in der Darstellung schwankt, bei Interesse sind Verbesserungen durch Mitglieder des OL Team Lippe m\u00f6glich.<\/p>\n\n\n\n<p> <a href=\"https:\/\/my.hidrive.com\/share\/av0qanls32\">Kartenarchiv Schul-OL<\/a><\/p>\n","protected":false},"excerpt":{"rendered":"<p>Nachdem wir die Realschule Augustdorf beim Orientierungslauf in der Schule mit Informationen und Hilfsmitteln unterst\u00fctzen konnten, wollen wir auch anderen Schulen mit vorhandenen Karten und Trainingsbeispielen helfen, in der Corona Zeit eine Sportstunde zu gestalten. Im Augenblick wird von uns eine App getestet, mit der man die Postenstandorte \u00fcber GPS-Koordinaten zu Hause festlegen kann und<\/p><\/div>\n<div class=\"blog-btn\"><a href=\"https:\/\/lippe-ol.de\/?page_id=79\" class=\"home-blog-btn\">Weiterlesen<\/a><\/p>\n","protected":false},"author":1,"featured_media":0,"parent":0,"menu_order":0,"comment_status":"closed","ping_status":"closed","template":"","meta":{"footnotes":""},"class_list":["post-79","page","type-page","status-publish","hentry"],"_links":{"self":[{"href":"https:\/\/lippe-ol.de\/index.php?rest_route=\/wp\/v2\/pages\/79","targetHints":{"allow":["GET"]}}],"collection":[{"href":"https:\/\/lippe-ol.de\/index.php?rest_route=\/wp\/v2\/pages"}],"about":[{"href":"https:\/\/lippe-ol.de\/index.php?rest_route=\/wp\/v2\/types\/page"}],"author":[{"embeddable":true,"href":"https:\/\/lippe-ol.de\/index.php?rest_route=\/wp\/v2\/users\/1"}],"replies":[{"embeddable":true,"href":"https:\/\/lippe-ol.de\/index.php?rest_route=%2Fwp%2Fv2%2Fcomments&post=79"}],"version-history":[{"count":14,"href":"https:\/\/lippe-ol.de\/index.php?rest_route=\/wp\/v2\/pages\/79\/revisions"}],"predecessor-version":[{"id":151,"href":"https:\/\/lippe-ol.de\/index.php?rest_route=\/wp\/v2\/pages\/79\/revisions\/151"}],"wp:attachment":[{"href":"https:\/\/lippe-ol.de\/index.php?rest_route=%2Fwp%2Fv2%2Fmedia&parent=79"}],"curies":[{"name":"wp","href":"https:\/\/api.w.org\/{rel}","templated":true}]}}